re the prime factors of 247728?
2, 3, 13, 397
What are the prime factors of 138923?
138923
List the prime factors of 392408.
2, 181, 271
What are the prime factors of 31684?
2, 89
What are the prime factors of 256818?
2, 3, 23, 1861
List the prime factors of 265928.
2, 13, 2557
List the prime factors of 35531.
35531
What are the prime factors of 121830?
2, 3, 5, 31, 131
List the prime factors of 2399762.
2, 193, 6217
List the prime factors of 179661.
3, 59887
What are the prime factors of 16092552?
2, 3, 7, 95789
List the prime factors of 34234.
2, 17117
What are the prime factors of 3567375?
3, 5, 7, 151
What are the prime factors of 33950502?
2, 3, 69857
What are the prime factors of 1762984?
2, 220373
List the prime factors of 710428.
2, 97, 1831
List the prime factors of 361360.
2, 5, 4517
List the prime factors of 10245600.
2, 3, 5, 1423
List the prime factors of 1514393.
223, 6791
What are the prime factors of 2258562?
2, 3, 101, 3727
List the prime factors of 13046178.
2, 3, 1091, 1993
List the prime factors of 2070353.
73, 79, 359
List the prime factors of 590409.
3, 37, 197
List the prime factors of 308767.
131, 2357
List the prime factors of 2764337.
61, 45317
What are the prime factors of 118552?
2, 7, 29, 73
List the prime factors of 5834435.
5, 103, 11329
List the prime factors of 224152.
2, 28019
What are the prime factors of 461944?
2, 7, 73, 113
What are the prime factors of 200850?
2, 3, 5, 13, 103
List the prime factors of 3406238.
2, 11, 107, 1447
What are the prime factors of 28558042?
2, 23, 620827
What are the prime factors of 772279?
772279
List the prime factors of 57432.
2, 3, 2393
What are the prime factors of 1919021?
13, 147617
What are the prime factors of 222307?
131, 1697
What are the prime factors of 248355?
3, 5, 5519
What are the prime factors of 4732254?
2, 3, 19, 101, 137
What are the prime factors of 412136?
2, 51517
List the prime factors of 72188.
2, 18047
What are the prime factors of 333078?
2, 3, 43, 1291
List the prime factors of 15664477.
15664477
What are the prime factors of 1102041?
3, 122449
What are the prime factors of 93045?
3, 5, 6203
What are the prime factors of 227581?
227581
What are the prime factors of 3265137?
3, 31, 47, 83
What are the prime factors of 284601?
3, 19, 4993
List the prime factors of 1372873.
809, 1697
What are the prime factors of 6160972?
2, 1540243
What are the prime factors of 128072?
2, 7, 2287
List the prime factors of 985606.
2, 19, 37, 701
What are the prime factors of 16779950?
2, 5, 11, 30509
What are the prime factors of 73714?
2, 36857
What are the prime factors of 174937?
7, 67, 373
List the prime factors of 7756071.
3, 2585357
List the prime factors of 80941.
7, 31, 373
List the prime factors of 407709.
3, 89, 509
What are the prime factors of 5522147?
61, 90527
What are the prime factors of 15856394?
2, 101, 78497
What are the prime factors of 567993?
3, 59, 3209
What are the prime factors of 4160?
2, 5, 13
What are the prime factors of 306961?
89, 3449
List the prime factors of 14874264.
2, 3, 19, 83, 131
List the prime factors of 1220972.
2, 305243
List the prime factors of 252908.
2, 23, 2749
List the prime factors of 261625.
5, 7, 13, 23
List the prime factors of 68191.
19, 37, 97
What are the prime factors of 140914?
2, 70457
List the prime factors of 2922821.
11, 265711
List the prime factors of 1262640.
2, 3, 5, 5261
What are the prime factors of 192414?
2, 3, 32069
What are the prime factors of 3435397?
7, 490771
What are the prime factors of 1589273?
7, 89, 2551
What are the prime factors of 201481?
7, 107, 269
List the prime factors of 182247.
3, 13, 4673
List the prime factors of 2110637.
2110637
What are the prime factors of 487479?
3, 162493
What are the prime factors of 6783?
3, 7, 17, 19
What are the prime factors of 568610?
2, 5, 7, 8123
List the prime factors of 2901815.
5, 7, 17, 4877
What are the prime factors of 830065?
5, 166013
List the prime factors of 10265946.
2, 3, 37, 131, 353
List the prime factors of 643070.
2, 5, 107, 601
What are the prime factors of 1021956?
2, 3, 13, 6551
What are the prime factors of 140324?
2, 35081
What are the prime factors of 588323?
29, 20287
List the prime factors of 3674601.
3, 7, 17, 47, 73
List the prime factors of 691476.
2, 3, 29, 1987
What are the prime factors of 175985?
5, 61, 577
List the prime factors of 1539072.
2, 3, 167
What are the prime factors of 17996521?
53, 339557
List the prime factors of 924173.
924173
What are the prime factors of 2348482?
2, 17, 69073
What are the prime factors of 10044032?
2, 131, 599
List the prime factors of 860391.
3, 7, 1951
What are the prime factors of 4922968?
2, 47, 13093
List the prime factors of 22270427.
22270427
List the prime factors of 7346548.
2, 11, 166967
List the prime factors of 245694.
2, 3, 40949
List the prime factors of 1690920.
2, 3, 5, 7, 11, 61
What are the prime factors of 661479?
3, 7, 13, 2423
List the prime factors of 76727.
7, 97, 113
List the prime factors of 2625849.
3, 139, 2099
List the prime factors of 11707635.
3, 5, 257, 3037
What are the prime factors of 50596?
2, 7, 13, 139
What are the prime factors of 275722?
2, 89, 1549
List the prime factors of 138491.
19, 37, 197
List the prime factors of 2576634.
2, 3, 47, 9137
What are the prime factors of 2551462?
2, 17, 101, 743
What are the prime factors of 728524?
2, 182131
What are the prime factors of 1175298?
2, 3, 195883
List the prime factors of 476900.
2, 5, 19, 251
What are the prime factors of 154312?
2, 19289
List the prime factors of 73851.
3, 103, 239
List the prime factors of 181011.
3, 60337
List the prime factors of 611661.
3, 31, 6577
List the prime factors of 687257.
181, 3797
List the prime factors of 70863.
3, 13, 23, 79
List the prime factors of 2808004.
2, 37, 18973
List the prime factors of 10883509.
7, 13, 199, 601
What are the prime factors of 6711395?
5, 1342279
What are the prime factors of 2590501?
2590501
List the prime factors of 447759.
3, 13, 43, 89
What are the prime factors of 163036?
2, 40759
List the prime factors of 1463434.
2, 7, 109, 137
What are the prime factors of 104989?
67, 1567
List the prime factors of 155323.
7, 22189
List the prime factors of 37216.
2, 1163
What are the prime factors of 233858?
2, 116929
List the prime factors of 611599.
31, 109, 181
What are the prime factors of 172975?
5, 11, 17, 37
List the prime factors of 6864198.
2, 3, 11, 104003
List the prime factors of 11317595.
5, 2263519
List the prime factors of 1287562.
2, 643781
What are the prime factors of 52452?
2, 3, 31, 47
What are the prime factors of 2379278?
2, 11, 83, 1303
List the prime factors of 196100.
2, 5, 37, 53
What are the prime factors of 961426?
2, 480713
List the prime factors of 16185.
3, 5, 13, 83
List the prime factors of 184321.
184321
List the prime factors of 31874.
2, 15937
What are the prime factors of 1397975?
5, 199, 281
What are the prime factors of 111439?
111439
What are the prime factors of 77893?
77893
What are the prime factors of 1638729?
3, 41, 4441
List the prime factors of 2282811.
3, 17, 2633
List the prime factors of 10101203.
7, 211, 977
What are the prime factors of 194628?
2, 3, 7, 331
What are the prime factors of 18409510?
2, 5, 7, 181, 1453
List the prime factors of 5820650.
2, 5, 11, 19, 557
What are the prime factors of 6954157?
7, 993451
List the prime factors of 2065287.
3, 7, 98347
What are the prime factors of 487530?
2, 3, 5, 5417
List the prime factors of 43734.
2, 3, 37, 197
What are the prime factors of 673404?
2, 3, 17, 3301
What are the prime factors of 961125?
3, 5, 11, 233
List the prime factors of 10095183.
3, 7, 23, 6967
What are the prime factors of 303029?
303029
What are the prime factors of 1063247?
229, 4643
What are the prime factors of 941667?
3, 313889
What are the prime factors of 7612493?
7, 337, 461
List the prime factors of 1782343.
349, 5107
List the prime factors of 1891657.
1891657
What are the prime factors of 11854955?
5, 7, 19, 17827
What are the prime factors of 8607166?
2, 683, 6301
List the prime factors of 3654926.
2, 11, 1373
List the prime factors of 2908035.
3, 5, 13, 1657
What are the prime factors of 342781?
79, 4339
What are the prime factors of 151701?
3, 11, 4597
What a